4).
-1
Let v(u) = u**3 - 9*u**2 + 5*u + 28. Give v(8).
4
Let w(k) = k**3 + k**2 - 3*k - 3. Determine w(2).
3
Let i(k) = 9*k**3 + k**2 - 2*k - 3. Calculate i(-1).
-9
Let w(k) = -14*k**2 + 2. Give w(-2).
-54
Let x(a) = 8*a - 128. What is x(11)?
-40
Let l(b) = -6*b - 27. What is l(-4)?
-3
Let f(h) = -8*h + 17. Calculate f(6).
-31
Let f(c) = c**3 + 15*c**2 + 13*c - 15. Give f(-14).
-1
Let d(t) = 3*t + 17. What is d(-5)?
2
Let g(q) = -7*q**2 - q + 4. Give g(1).
-4
Let w(a) = -8*a + 109. Give w(11).
21
Let k(i) = 2*i**2 - 14*i - 65. Give k(10).
-5
Let r(b) = b**2 - 5*b - 2. What is r(5)?
-2
Let t(v) = -v**3 + 2*v**2 + 6*v. Give t(-3).
27
Let f(o) = 2*o**2 - 11*o + 20. Give f(5).
15
Let z(v) = 2*v**3 + 10*v**2 + 9*v + 6. Determine z(-4).
2
Let l(j) = 3*j**3 + j**2 - 26*j - 50. Determine l(-2).
-18
Let m(j) = -2*j**2 - 16*j + 9. What is m(-9)?
-9
Let u(t) = t**3 - 10*t**2 + t - 11. Give u(10).
-1
Let c(g) = -2*g - 8. Calculate c(-10).
12
Let a(u) = 2*u**3 + u. Give a(2).
18
Let s(i) = i**2 + 3*i + 7. Calculate s(-7).
35
Let i(d) = 13*d. Determine i(-1).
-13
Let g(q) = -15*q**3 + q**2 + q - 1. Determine g(1).
-14
Let p(k) = 2*k**2 + 23*k + 24. Determine p(-10).
-6
Let z(a) = a**3 - 15*a + 7. Give z(4).
11
Let d(z) = -z**2 + 4*z + 3. Calculate d(4).
3
Let m(w) = w**2 - 2*w - 29. Give m(5).
-14
Let i(w) = -8*w + 66. Determine i(8).
2
Let a(k) = -3*k**3 - 10*k**2 - 8*k + 2. Calculate a(-3).
17
Let p(x) = -35*x + 239. Calculate p(7).
-6
Let m(l) = -50*l + 97. Calculate m(2).
-3
Let q(s) = -s**2 + 10*s - 15. Calculate q(11).
-26
Let i(z) = -z**3 + 4*z**2 - 1. What is i(3)?
8
Let b(n) = n**3 - 13*n**2 - 21*n - 2. Give b(14).
-100
Let d(j) = 5*j + 10. Give d(7).
45
Let y(i) = 26*i + 23. Calculate y(2).
75
Let v(l) = l**3 + l + 18. Calculate v(0).
18
Let n(l) = -l**3 + 35*l**2 - 67*l + 33. Give n(33).
0
Let g(m) = m**2 - 2*m - 14. Calculate g(6).
10
Let v(b) = -11*b + 2. Give v(-3).
35
Let g(w) = -2*w**2 + 16*w - 36. Calculate g(5).
-6
Let g(x) = 2*x**3 - 23*x**2 - 14*x + 41. Calculate g(12).
17
Let z(o) = -o**2 + 3*o. Calculate z(3).
0
Let k(m) = m**2 - m + 4. Determine k(3).
10
Let i(q) = q**2 + 4*q - 9. Give i(-7).
12
Let r(s) = 2*s + 14. Determine r(-7).
0
Let s(u) = -u + 3. Give s(6).
-3
Let h(v) = v**3 + 13*v**2 + v + 16. Determine h(-13).
3
Let g(p) = -4*p**2 + 73*p - 15. Determine g(18).
3
Let p(r) = -r**3 - 8*r**2 - 13*r - 2. Calculate p(-5).
-12
Let a(b) = 10*b + 7. Give a(-4).
-33
Let n(b) = 45*b + 354. What is n(-8)?
-6
Let h(y) = -y**2 + y. Give h(3).
-6
Let f(t) = -14*t - 671. Calculate f(-48).
1
Let i(g) = 18*g - 203. Give i(11).
-5
Let y(f) = -3*f + 4. Determine y(-5).
19
Let z(v) = v**3 - 2*v**2 - 20*v - 12. What is z(6)?
12
Let a(y) = -y**2 + 5*y - 13. What is a(6)?
-19
Let w(m) = m**2 - 5*m - 24. Calculate w(-3).
0
Let s(c) = -6*c**2 - 17*c - 21. Give s(-7).
-196
Let g(a) = 7*a + 9. Calculate g(5).
44
Let p(g) = g**3 - 20*g**2 + 90*g + 6. Give p(13).
-7
Let f(k) = k**3 - 13*k**2 - 7*k + 102. Give f(13).
11
Let a(h) = h**2 + 10*h - 8. Give a(-7).
-29
Let y(w) = 2*w - 9. What is y(6)?
3
Let c(x) = -5*x**2 + 28*x + 3. Give c(6).
-9
Let p(q) = 3*q + 20. Calculate p(-8).
-4
Let s(g) = -2*g**2 - 57*g - 20. Determine s(-28).
8
Let j(o) = -o**3 + 9*o**2 - 12*o + 6. Determine j(7).
20
Let l(o) = -7*o + 108. What is l(16)?
-4
Let l(g) = -g**3 + 5*g**2 - g + 4. Determine l(4).
16
Let o(t) = -t**3 + 2*t**2 + 5*t - 10. What is o(4)?
-22
Let l(g) = 3*g - 7. Calculate l(11).
26
Let w(p) = 3*p + 14. What is w(-5)?
-1
Let f(b) = -b - 13. Determine f(7).
-20
Let m(d) = d**3 - 12*d**2 - 12*d - 12. Calculate m(13).
1
Let g(c) = c. What is g(-2)?
-2
Let y(t) = t**2 - 12*t + 20. Calculate y(8).
-12
Let a(h) = -14*h + 11. Give a(0).
11
Let t(r) = -r**3 - 9*r**2 - 9*r - 1. Calculate t(-8).
7
Let v(k) = k**3 + 7*k**2 + 11*k - 4. Calculate v(-3).
-1
Let s(k) = -10*k**3 + k**2 - 4*k + 3. Give s(2).
-81
Let v(s) = -7*s**2 + 4*s - 2. Calculate v(2).
-22
Let p(k) = k - 21. Give p(25).
4
Let k(h) = -18*h - 281. Calculate k(-15).
-11
Let j(i) = -i - 11. Give j(-9).
-2
Let b(f) = -f**3 + 3*f**2 + 20*f + 4. Determine b(6).
16
Let d(l) = -l**3 - 14*l**2 - l - 18. Give d(-14).
-4
Let c(j) = 2*j - 11. Calculate c(12).
13
Let r(k) = 3*k + 18. Give r(-7).
-3
Let w(r) = -4*r**3 + 2*r**2 + 4. Determine w(2).
-20
Let v(h) = h**3 - 10*h**2 + 9*h - 21. Calculate v(9).
-21
Let l(c) = -2*c**2 - c - 57. Calculate l(0).
-57
Let t(s) = -s**2 + 3*s + 21. What is t(8)?
-19
Let l(s) = -s**3 + 8*s**2 + 7*s + 20. Give l(9).
2
Let t(b) = b**2 + 30*b - 159. What is t(-35)?
16
Let m(w) = -w**2 + 6*w + 7. What is m(6)?
7
Let r(d) = d - 7. Determine r(-7).
-14
Let g(f) = -18*f**3 + 3*f + 3. Give g(-1).
18
Let n(d) = 4*d**2 + d - 10. Give n(-5).
85
Let j(v) = 2*v - 12. Give j(9).
6
Let x(z) = z**2 + 3*z - 77. Calculate x(0).
-77
Let d(a) = -3*a - 6. Give d(-6).
12
Let t(d) = -2*d**2 - 27*d - 28. What is t(-13)?
-15
Let g(n) = 2*n - 16. Calculate g(7).
-2
Let t(z) = -3*z**2 + 5*z + 39. Calculate t(-5).
-61
Let y(j) = j**3 + 4*j**2 - 4*j - 3. What is y(-2)?
13
Let c(n) = n**2 - 23*n - 2. Calculate c(20).
-62
Let g(y) = y**2 + 27*y + 1. Give g(-27).
1
Let d(z) = -4*z + 11. Calculate d(14).
-45
Let g(k) = 13*k - 8. Determine g(1).
5
Let m(k) = k**2 + 13*k + 14. Give m(-10).
-16
Let v(g) = -3*g**2 - 23*g - 5. What is v(-8)?
-13
Let l(h) = -3*h**3 - 53*h**2 + 21*h + 52. Determine l(-18).
-2
Let l(g) = g**2 - 9*g + 14. Determine l(6).
-4
Let g(k) = -k**2 + 6*k + 11. Calculate g(8).
-5
Let y(d) = -d**3 + 5*d**2 + d - 12. Calculate y(4).
8
Let s(h) = -5*h + 12. Determine s(10).
-38
Let h(w) = w - 2. What is h(12)?
10
Let u(h) = -h**3 + 9*h**2 - 20*h - 7. Give u(6).
-19
Let y(r) = -r**3 + 13*r**2 - 12*r + 5. Give y(12).
5
Let g(f) = 4*f + 9. Calculate g(-8).
-23
Let s(h) = -6*h**3 - h**2 + h - 2. Give s(-2).
40
Let u(f) = -19*f**2 - 7*f - 5. Determine u(-2).
-67
Let u(v) = -v**3 + 14*v**2 - 10*v - 15. Determine u(13).
24
Let j(b) = b**3 - 6*b**2 + 3*b - 8. What is j(6)?
10
Let t(i) = i**2 - 2*i - 43. Calculate t(-7).
20
Let c(d) = -d**3 - 7*d**2 - 8. What is c(-6)?
-44
Let b(j) = j**2 + 4*j - 13. Determine b(-7).
8
Let g(p) = -p**2 + 15*p + 21. Determine g(16).
5
Let c(x) = 39*x - 195. What is c(5)?
0
Let t(c) = c**3 + 5*c**2 - 6*c - 18. Determine t(-6).
-18
Let j(g) = -g**2 + 11*g - 28. Calculate j(7).
0
Let w(j) = 8*j**2 - 3*j + 2. Calculate w(1).
7
Let q(i) = 4*i + 6. What is q(-3)?
-6
Let i(g) = g**3 - 2*g**2 - g - 3. Calculate i(5).
67
Let n(q) = 2*q**2 + 19*q + 61. Calculate n(-6).
19
Let n(y) = -y**3 + 6*y**2 + 3*y + 7. What is n(6)?
25
Let z(s) = -15*s + 58. Calculate z(5).
-17
Let y(a) = -a**3 + 3*a**2 + 12*a - 9. Give y(5).
1
Let u(i) = i - 1. Calculate u(1).
0
Let t(q) = -q**2 - 13*q - 21. What is t(-12)?
-9
Let a(b) = -16*b - 13. Calculate a(-5).
67
Let h(j) = 2*j - 2. Determine h(-6).
-14
Let q(k) = -k**3 + 5*k**2 + 3*k + 11. What is q(6)?
-7
Let r(h) = 3*h**2 - 7*h + 6. Determine r(3).
12
Let l(u) = -6*u**2 - 12*u - 11. Give l(-5).
-101
Let w(b) = -2*b - 28. Determine w(-6).
-16
Let p(m) = m**2 - 7*m - 21. Calculate p(8).
-13
Let c(i) = -4*i**2 - 20*i + 11. Determine c(-6).
-13
Let s(a) = 4*a + 19. Determine s(-4).
3
Let k(g) = 3*g + 34. Calculate k(-9).
7
Let c(v) = -v**2 - 81*v - 160. Determine c(-79).
-2
Let w(j) = 18*j + 34. What is w(-2)?
-2
Let u(i) = -8*i - 12. Give u(-3).
12
Let o(d) = 2*d**2 + 18*d + 5. Give o(-7).
-23
Let i(y) = 3*y + 35. Calculate i(-12).
-1
Let a(g) = g**2 - 12*g + 24. What is a(10)?
4
Let w(x) = 18*x + 250. Give w(-14).
-2
Let l(c) = -4*c**2 - 7*c - 5. What is l(-4)?
-41
Let n(f) = f**3 - f**2 - 2*f - 48. Give n(0).
-48
Let y(i) = -i**3 - 7*i**2 - 3*i - 9. What is y(-7)?
12
Let p(l) = 266*l - 2123. Calculate p(8).
5
Let l(p) = p**3 + 10*p**2 + 12. Calculate l(-10).
12
Let p(s) = 21*s**2 + 6*s - 6. Give p(1).
21
Let t(m) = -m**3 + 34*m**2 - 39*m + 202. What is t(33)?
4
Let y(l) = l**3 + 7*l**2 - 28*l + 13. Calculate y(-10).
-7
Let z(r) = r**3 - 8*r**2 + 7*r + 9. Determine z(7).
9
Let a(l) = l**2 + 8*l + 7. Determine a(-8).
7
Let d(k) = -k**2 - 7*k - 16. What is d(-5)?
-6
Let h(v) = v**2 + 58*v - 69. Give h(-59).
-10
Let m(n) = n**3 - n**2 + n + 3. Determine m(0).
3
Let k(i) = -i**3 + 41*i**2 + 283*i + 2. What is k(-6)?
-4
Let y(h) = -3*h**2 + 4*h - 4. Calculate y